Let y(w) = 2*w**2 - 19*w + 15. Let q(n) = n**2 - 9*n + 7. Let d(g) = -5*q(g) + 2*y(g). Suppose 3*r + 5*s + 10 = -0*r, 4*r + 2*s = 10. Calculate d(r).
5
Let c(w) be the first derivative of -1/24*w**4 + w**2 - 1/6*w**3 + 1/20*w**6 + 0*w - 2 + 0*w**5. Let t(b) be the second derivative of c(b). Calculate t(-1).
-6
Let d(j) = -j**3 - j**2 + j. Let l(h) = 3*h**3 - h - 3. Let q = 2 + -1. Let b(f) = q*l(f) + 4*d(f). What is b(-5)?
7
Let l be ((-20)/8)/((-1)/2). Let w(k) = -k**3 + 4*k**2 + 5*k + 1. Give w(l).
1
Let x(a) be the first derivative of 7*a**2 - 5. Let w = -1 - -2. What is x(w)?
14
Let k(i) = i**3 + 0*i**3 - 2*i - 3*i**2 - 2*i**2 + 6*i. Determine k(3).
-6
Let y(w) = -2*w. Suppose 4*j + 4 - 12 = 0. Calculate y(j).
-4
Let m(o) = -o**2 - 4. Let k(s) = -s**2 + s - 1. Let v(t) = 3*k(t) - m(t). Suppose 5*p - 17 = -7. Suppose -r - p = -5. Give v(r).
-8
Let p(l) = -l**2 + 5*l + 3. Let a = -8 - -17. Suppose -4*f = -f - 3*q, 2*f - 5*q + a = 0. Determine p(f).
9
Let s be 10 + 8*3/(-6). Let b(q) = -q**3 + 5*q**2 + 5*q + 6. Give b(s).
0
Suppose -3*j = r - 2, -j + 5*r - 27 = j. Let q(g) = -5*g**3 + 2*g**2 + 2*g + 1. Calculate q(j).
6
Let i = 0 - -5. Let y(f) = -12*f + 3 + 7*f - 2 + 6*f. Calculate y(i).
6
Let m(h) = -2*h**2 + 33*h + 7. Let n be m(17). Let s(p) = p**3 + 10*p**2 - p. Give s(n).
10
Let v(s) = -s**3 + 6*s**2 + 7. Suppose -12 = 2*t + 26. Let x = -13 - t. Calculate v(x).
7
Let y be 0/(1 + 0) - -3. Let i(l) = l + 7*l - 4 + 10 + 6*l**2 + l**2 + l**y. What is i(-6)?
-6
Let f(c) = -c**3 - 5*c**2 + 4. Let u = -20 + 32. Let p = u - 16. Calculate f(p).
-12
Let u(i) = i**2 - 7*i. Suppose o - 5*o + 20 = 0. Determine u(o).
-10
Let x(l) = l**3 + 6*l**2 - 8*l - 10. Let s = 26 + -33. What is x(s)?
-3
Let x be (-136)/(-36) - (-2)/9. Let d(t) = 2*t + t**3 - 1 - 1 + 0 - 4*t**2. Calculate d(x).
6
Let a(i) be the third derivative of i**5/60 + i**4/4 + 2*i**3/3 + 8*i**2. Give a(-6).
4
Let i(q) = 4*q**2 - 12*q + 3. Suppose 20 = -2*n + f, -3*n - 19 = 3*f + 29. Let l = n - -17. Let k(w) = 3*w**2 - 8*w + 2. Let s(v) = l*i(v) - 7*k(v). Give s(-3).
4
Suppose -2*c - 9 = 4*w - 3*c, 0 = w - c. Let b(q) = q + 1. Give b(w).
-2
Let k(r) = -2*r + 6. Let s be k(5). Let g be (1*-1)/(s/8). Let i(f) = 2 + 3 + 0 - g - 2*f - f**2. Calculate i(-3).
0
Let r(b) = -b**3 - 4*b**2 + 4*b - 3. Suppose -4*u + 8 = -3*s, 5*s + 0*u + 2*u = 4. Suppose -c - 5 = -s*c. Calculate r(c).
2
Let z(q) be the third derivative of -q**5/60 - 5*q**4/24 + q**3/3 - q**2. Let i be z(-5). Let a(l) = l**2 + 2*l**3 - 3*l**3 - 2*l + 3*l**i. Give a(3).
3
Let a(r) be the third derivative of -r**6/360 + r**5/40 + r**4/6 - r**3/2 + 4*r**2. Let s(y) be the first derivative of a(y). Let h = -10 + 14. Give s(h).
0
Let k be 0 + (1 + -2)*-2. Let t be -4 + -1 + k + 1. Let z(v) = v + 1 + 0*v + 0. Give z(t).
-1
Suppose 4*f = 2 + 6. Suppose 0 = q + f + 2. Let r(y) = y. What is r(q)?
-4
Suppose 20 = 5*j - 2*q, -16 = -0*j + 2*j + 4*q. Let p(w) = 7 - 3*w**2 + 2*w**2 + 9 - 14. Let r be p(j). Let y(a) = 2*a**3 + a**2 - a + 2. What is y(r)?
-8
Let b(p) be the second derivative of -p**4/6 + p**3/6 - 8*p. What is b(1)?
-1
Suppose 0 = -2*k + 2*m + 4, -4*k - m = -k + 10. Let b be 1/k*6 + 9. Let l(c) = -c**2 + 7*c - 1. Calculate l(b).
5
Let s(h) be the first derivative of h**2/2 - 5*h - 7. Calculate s(5).
0
Suppose 3*q + 2 = -1. Let p(v) be the second derivative of -v**4 + v**3/6 + v**2/2 + 17*v. What is p(q)?
-12
Let r(b) = -4*b + 2. Let u(g) = -4*g + 2. Let p(v) = -4*r(v) + 3*u(v). Suppose -2*z - 8 = -6*z. Determine p(z).
6
Let o be ((-8)/10)/((-2)/30). Let m be 0*(-4)/o*-1. Let b(h) = h**2 + h. What is b(m)?
0
Let k(b) = -b - 1. Suppose i - o - 6 = 0, -i = 2*o + 3*o + 6. Suppose -i*m + 8 + 4 = 0. Suppose z - 21 = 7*q - m*q, 4*q = -4*z + 4. What is k(z)?
-6
Suppose 0*o - 5*o + 30 = 0. Suppose 0 = 10*h - 7*h - o. Let x(q) = -q**2 + 5*q - 3. Calculate x(h).
3
Let g(l) = -l**2 - 6*l + 2. Let c(m) = m**3 + 6*m**2 - 10*m + 6. Let v be c(-8). Let d be ((-36)/v)/(1/(-7)). Calculate g(d).
2
Let s be (-3)/(-12) + 1/(-4). Let n be -3 + (-14)/(6/(-3)). Let r(b) = 5*b**3 + b**2 + 0*b**3 - n*b**3 + 2 + b + 0. Calculate r(s).
2
Let g(u) = 9*u + 3. Let m(h) = -3*h - 1. Let f(l) = -6*g(l) - 17*m(l). Give f(-3).
8
Let z be 4/10*(0 - 15). Let b = 15 - 5. Let w = b + z. Let a(j) = -j**3 + 5*j**2 - 5*j + 3. What is a(w)?
-1
Let d(r) = 2*r + 5 - 2*r - 2*r - 2. Suppose a + 4*o = -3*a + 32, -a + 18 = 3*o. Give d(a).
-3
Let c be 1/((-1)/(-1)) - 6. Let k(a) = 3*a**3 - 2*a**2 + 3*a - 1. Let n(v) = 29*v - 36*v - 3*v**3 - 4*v**3 + 5*v**2 + 3. Let l(t) = c*k(t) - 2*n(t). Give l(-1).
1
Let q(r) = -r**2 - 3*r - 16. Let i(u) = u**2 + 2*u + 16. Let j(f) = -4*i(f) - 3*q(f). Give j(0).
-16
Let k(o) = 5 + 4*o**2 - o**3 + o + o**2 - 2*o. Suppose -2*n - 3 = y + 2, -4*n - 6 = -2*y. Let a be (y/2)/(6/(-60)). What is k(a)?
0
Let t = 7 + 1. Suppose -5*x = -t - 2. Let r(l) = -l**3 + l**2 - 1. Determine r(x).
-5
Let n(a) = -2*a + 4*a - 5 + 4. Suppose -2*k - 4*r = -7*k - 14, 2*k - 5*r + 9 = 0. Give n(k).
-5
Let v(n) = -297*n - 121. Let i(b) = -5*b - 2. Let h(q) = -121*i(q) + 2*v(q). Suppose m = -4*m. Let x = 1 + m. Determine h(x).
11
Let d = 18 + -18. Let s(m) = m**2 - m. What is s(d)?
0
Let a(y) = -y + 6. Let i(o) = o - 3. Let c(g) = -3*a(g) - 5*i(g). Calculate c(-5).
7
Let j = 3 - 0. Let g(n) = 2*n - 1. Calculate g(j).
5
Let u(v) be the first derivative of -5*v**3/3 + v**2/2 - 2*v - 1. Let i(j) = 14*j**2 - 3*j + 6. Let m = 26 - 9. Let f(z) = m*u(z) + 6*i(z). Calculate f(2).
-4
Let j be (-28)/5 + 6/(-15). Let c(q) = -q - 9. Determine c(j).
-3
Let h be 12 + (-1 - 3) + 2. Suppose 3*c - 4*v + h = 0, -c = -0*c + 4*v - 18. Let a(b) = -b**2 + 0 + 2*b**2 - 2*b + 3. What is a(c)?
3
Suppose 0 = 4*l + l + 3*h - 30, -4*l + 2*h + 2 = 0. Let d(n) = -2*n**3 + 5*n**2 - 3*n + 4. Give d(l).
-14
Let d(s) = 4 + 3*s + 0*s**3 + 3*s**2 - s**3 - 1. Suppose -3*r + 4 = -n, 5*n + r + 18 = -2. Let q = n - -8. Determine d(q).
-1
Suppose 5*q - m + 10 = 0, 0 = q + 4*m + 2. Let w be 2/q*(6 - 7). Let y(v) = w - 3*v**2 - v + 2 + 2*v**2. What is y(-3)?
-3
Suppose -4*i + 2*h = 5*h + 25, 2*i - 5*h + 19 = 0. Let x(s) = -s**2 - 8*s - 2. Give x(i).
5
Let l(y) be the first derivative of y**3/3 - y**2 + 2*y + 2. Let j be l(2). Let v(d) = 0*d - 3 + 6*d - d. Determine v(j).
7
Let c(x) = 0*x**2 - 5*x + 3*x**2 - 4*x**2 - 4. Give c(-3).
2
Let m(p) = p**3 - 2*p**2 - 2. Let a = 3 - 1. Suppose 0 = -4*f - n + 11, 3*f - a*n + 4 = 26. Suppose 6*l = f*d + l + 12, -16 = -4*l. What is m(d)?
-2
Let k(v) = -v + 1. Let a(m) = m**2 - m - 1. Let u(i) = 6*i**2 + 7*i + 9. Let j(d) = -5*a(d) + u(d). Let q be j(-11). Let c be -1 - 5/((-3)/q). Calculate k(c).
-3
Suppose -b - 3*b = -20. Suppose -s - 16 = -b*s. Suppose 2*a + 8 = 4*a + 2*u, -s*a + 18 = 5*u. Let i(r) = -6*r + 2. Give i(a).
-10
Let m(z) = 3*z**3 + 4*z**2 + 3*z + 1. Let h = -18 - -16. What is m(h)?
-13
Let h(f) = f - 1. Let w(a) = 6*a - 4. Let q(v) = -5*h(v) + w(v). Determine q(-6).
-5
Let i(u) = -10*u**2 + 3*u**2 - u**2 + 2*u**2 - u. Give i(-1).
-5
Let x(g) = -g + 6. Let l(z) = 5*z**2 - 2*z - 1. Let h be l(-1). Give x(h).
0
Let i(q) = -q**3 - 7*q**2 - q + 9. Suppose 3*m - 5*u = -u - 33, 1 = -m - 2*u. Calculate i(m).
16
Let u = -7 - -8. Let n(t) = -4*t - 3*t - u - 2*t. Determine n(1).
-10
Let z(k) = -k**2 + 8*k + 12. Let w be z(9). Let q(m) = m**2 - m - 4. Determine q(w).
2
Let r be -6 + (0 - (-4)/2). Let u(o) = 5*o**2 - 2*o - 4. Let c(w) = 2*w**2 - w - 2. Let i(m) = r*u(m) + 9*c(m). Let j = 3 - 5. What is i(j)?
-8
Let c(b) = b**3 - 2*b**2 + 2*b - 3. Let z be c(2). Let l(h) = 21*h**2 + 1. Determine l(z).
22
Let j(g) = -2*g**2 + 6*g - 4. Let o be (-1)/6 + 50/12. Calculate j(o).
-12
Let d(m) = m**2 + 5*m. Suppose -z - 4*z + 25 = 0. Suppose z*t + 21 = 2*h + h, -3*t - h = 21. What is d(t)?
6
Let b(r) = r + 8. Let n be b(-6). Let t(p) = 4*p + 2*p**2 - 2 + 0*p - 3*p**n. Let s(u) = -u**2 + 3*u - 1. Let d(f) = 4*s(f) - 3*t(f). What is d(-2)?
-2
Let i(q) be the third derivative of -q**5/60 + q**4/6 - 8*q**2. What is i(3)?
3
Let p(d) be the first derivative of -1/3*d**3 - 4 - 3/2*d**2 + d. Determine p(-5).
-9
Let i(a) = -5*a**3 - 6*a**2 - 11*a + 4. Let l(j) = -2*j**3 - 3*j**2 - 5*j + 2. Let t(h) = -3*i(h) + 7*l(h). Let n = 6 + -3. Calculate t(n).
-4
Let n(k) = -11*k**2 - 9*k + 8. Let o(a)